e units digit of 3630338?
8
What is the units digit of 12176053?
3
What is the millions digit of 11426937?
1
What is the hundred thousands digit of 20410564?
4
What is the ten thousands digit of 1388072?
8
What is the tens digit of 1136190?
9
What is the hundred thousands digit of 185505?
1
What is the units digit of 291095?
5
What is the units digit of 26428187?
7
What is the hundred thousands digit of 204414?
2
What is the tens digit of 91408?
0
What is the ten thousands digit of 318805?
1
What is the hundreds digit of 4497268?
2
What is the tens digit of 311057?
5
What is the thousands digit of 266876?
6
What is the thousands digit of 3343019?
3
What is the ten thousands digit of 289519?
8
What is the hundred thousands digit of 2322726?
3
What is the tens digit of 598166?
6
What is the units digit of 561215?
5
What is the ten thousands digit of 564694?
6
What is the ten thousands digit of 271627?
7
What is the tens digit of 20437084?
8
What is the units digit of 210269?
9
What is the tens digit of 1794508?
0
What is the thousands digit of 292897?
2
What is the units digit of 280021?
1
What is the thousands digit of 477626?
7
What is the tens digit of 51648?
4
What is the tens digit of 534125?
2
What is the hundreds digit of 18669?
6
What is the thousands digit of 18663?
8
What is the thousands digit of 34138?
4
What is the hundred thousands digit of 322208?
3
What is the tens digit of 596553?
5
What is the hundreds digit of 3874926?
9
What is the tens digit of 857944?
4
What is the millions digit of 3198008?
3
What is the tens digit of 18709464?
6
What is the tens digit of 6939069?
6
What is the hundred thousands digit of 247359?
2
What is the ten millions digit of 10431761?
1
What is the units digit of 783?
3
What is the units digit of 4901697?
7
What is the hundreds digit of 196726?
7
What is the thousands digit of 279224?
9
What is the hundreds digit of 59661?
6
What is the tens digit of 596279?
7
What is the hundred thousands digit of 2121174?
1
What is the hundreds digit of 8538939?
9
What is the units digit of 1987606?
6
What is the hundred thousands digit of 470923?
4
What is the millions digit of 17014403?
7
What is the ten thousands digit of 1927723?
2
What is the tens digit of 594102?
0
What is the units digit of 467260?
0
What is the units digit of 935065?
5
What is the thousands digit of 17595467?
5
What is the ten thousands digit of 507936?
0
What is the tens digit of 4367301?
0
What is the ten millions digit of 24939304?
2
What is the units digit of 113979?
9
What is the hundreds digit of 9578207?
2
What is the millions digit of 9267333?
9
What is the tens digit of 1255111?
1
What is the hundreds digit of 57929?
9
What is the hundred thousands digit of 239274?
2
What is the thousands digit of 3650704?
0
What is the ten millions digit of 20818225?
2
What is the hundreds digit of 6570070?
0
What is the hundred thousands digit of 207952?
2
What is the hundreds digit of 1999401?
4
What is the hundreds digit of 704?
7
What is the ten thousands digit of 1931420?
3
What is the millions digit of 1612073?
1
What is the thousands digit of 20119?
0
What is the ten thousands digit of 271206?
7
What is the hundred thousands digit of 365914?
3
What is the units digit of 6040305?
5
What is the thousands digit of 5342987?
2
What is the hundreds digit of 1496420?
4
What is the hundred thousands digit of 558796?
5
What is the ten thousands digit of 736040?
3
What is the hundred thousands digit of 236879?
2
What is the hundred thousands digit of 13154200?
1
What is the units digit of 577488?
8
What is the hundreds digit of 2376899?
8
What is the tens digit of 764206?
0
What is the units digit of 382535?
5
What is the hundred thousands digit of 214767?
2
What is the tens digit of 6646514?
1
What is the hundreds digit of 24314561?
5
What is the tens digit of 172451?
5
What is the hundred thousands digit of 7791627?
7
What is the thousands digit of 29318?
9
What is the thousands digit of 875532?
5
What is the units digit of 387431?
1
What is the units digit of 3820478?
8
What is the units digit of 530536?
6
What is the millions digit of 1550505?
1
What is the millions digit of 4591185?
4
What is the thousands digit of 13286102?
6
What is the hundred thousands digit of 10550980?
5
What is the millions digit of 9398914?
9
What is the ten thousands digit of 572694?
7
What is the ten thousands digit of 27115?
2
What is the ten thousands digit of 771189?
7
What is the millions digit of 4515677?
4
What is the ten thousands digit of 32830?
3
What is the units digit of 11118593?
3
What is the thousands digit of 62050?
2
What is the ten thousands digit of 99089?
9
What is the tens digit of 2015661?
6
What is the units digit of 621708?
8
What is the ten thousands digit of 1267153?
6
What is the thousands digit of 1372085?
2
What is the millions digit of 1150791?
1
What is the ten thousands digit of 1812934?
1
What is the units digit of 561328?
8
What is the units digit of 212315?
5
What is the thousands digit of 57550?
7
What is the tens digit of 8211871?
7
What is the ten thousands digit of 787843?
8
What is the hundred thousands digit of 3153111?
1
What is the units digit of 6435061?
1
What is the tens digit of 2198923?
2
What is the hundreds digit of 558415?
4
What is the millions digit of 2006858?
2
What is the tens digit of 200788?
8
What is the ten thousands digit of 4027786?
2
What is the ten thousands digit of 1821282?
2
What is the tens digit of 73950?
5
What is the units digit of 143297?
7
What is the millions digit of 4627892?
4
What is the ten thousands digit of 126795?
2
What is the thousands digit of 1522999?
2
What is the ten thousands digit of 83499?
8
What is the ten thousands digit of 925947?
2
What is the thousands digit of 25277916?
7
What is the hundred thousands digit of 1201740?
2
What is the tens digit of 1706002?
0
What is the units digit of 63288?
8
What is the tens digit of 15098673?
7
What is the ten millions digit of 23377512?
2
What is the units digit of 7472107?
7
What is the hundreds digit of 6333347?
3
What is the units digit of 959270?
0
What is the ten thousands digit of 2585606?
8
What is the millions digit of 4028807?
4
What is the tens digit of 6835569?
6
What is the thousands digit of 29013?
9
What is the units digit of 10529813?
3
What is the hundreds digit of 2517042?
0
What is the ten thousands digit of 167106?
6
What is the tens digit of 11332?
3
What is the thousands digit of 258870?
8
What is the units digit of 111017?
7
What is the tens digit of 3091721?
2
What is the ten thousands digit of 14621?
1
What is the thousands digit of 814951?
4
What is the tens digit of 200438?
3
What is the tens digit of 29820445?
4
What is the hundreds digit of 13287775?
7
What is the tens digit of 6698143?
4
What is the thousands digit of 1052997?
2
What is the thousands digit of 6442?
6
What is the ten thousands digit of 135851?
3
What is the millions digit of 1349689?
1
What is the tens digit of 741227?
2
What is the millions digit of 8575071?
8
What is the units digit of 109825?
5
What is the millions digit of 15002191?
5
What is the ten thousands digit of 20328906?
2
What is the tens digit of 5653684?
8
What is the tens digit of 116107?
0
What is the tens digit of 4582914?
1
What is the tens digit of 397989?
8
What is the ten millions digit of 16469023?
1
What is the units digit of 73986?
6
What is the hundred thousands digit of 6063715?
0
What is the tens digit of 893439?
3
What is the units digit of 1055922?
2
What is the units digit of 6430015?
5
What is the units digit of 75130?
0
What is the hundred thousands digit of 575060?
5
What is the hundreds digit of 1518646?
6
What is the ten thousands digit of 37737476?
3
What is the units digit of 2612231?
1
What is the millions digit of 4303153?
4
What is the hundreds digit of 5039876?
8
What is the units digit of 996859?
9
What is the tens digit of 768898?
9
What is the millions digit of 2401639?
2
What is the ten thousands digit of 3212722?
1
What is the hundreds digit of 13142733?
7
What is the hundred thousands digit of 4929247?
9
What is the thousands digit of 17333?
7
What is the units digit of 12586862?
2
What is the tens digit of 6247162?
6
What is the thousands dig